culate the highest common divisor of 29 and m.
29
Suppose 11*q = 2800 - 1249. Calculate the greatest common factor of 21 and q.
3
Let h = -5 + 13. Let j = -19 + h. Let b(d) = -d**2 - 13*d - 2. Let g be b(j). Calculate the highest common factor of g and 60.
20
Let k(i) = i**2 + 10*i - 7. Let j be k(7). Suppose 46 = -d - d. Let x = -7 - d. Calculate the greatest common factor of j and x.
16
Let b be 9/(3 + (-12)/8). Suppose 166 = b*o + 34. What is the greatest common divisor of 55 and o?
11
Suppose -9*p = -2*n - 5*p + 22, 0 = 3*n - 4*p - 23. Suppose 10*w - 59 - n = 0. What is the greatest common factor of 42 and w?
6
Let d be 100/16 - (-2)/(-8). Let r be (-8)/(-44) + (-2 - (-238)/22). Calculate the highest common divisor of r and d.
3
Let n = 799 - 784. What is the greatest common factor of n and 15?
15
Let p(t) = -6*t - 16. Let s be p(-3). Let c be (1 - -3 - s) + (-15)/(-1). What is the highest common divisor of 68 and c?
17
Suppose x = 2*x - 3*d + 3, -5*x + d = -55. Suppose w = 2*i + 102, -12 = -6*i + 2*i. Calculate the highest common divisor of w and x.
12
Suppose -m = -4*t - 61 - 69, 0 = -4*t - 20. Let d = 275 - m. Suppose 3 = 4*i - d. Calculate the greatest common divisor of i and 28.
14
Suppose -2*n = -2*g, -g - 4*n = -n - 8. Suppose -g*a - 4*a + 120 = 0. Calculate the highest common divisor of a and 10.
10
Let n be ((-25)/10 + (-3)/(-1))*12. Let w be ((-3)/4)/(n/(6 + -798)). Calculate the highest common factor of w and 11.
11
Let l = -91 + 97. Suppose l*u + z = 2*u + 311, 0 = -4*u - 2*z + 310. Calculate the greatest common factor of 52 and u.
26
Let k(b) = b**3 + 12*b**2 - 23*b. Let l be k(-13). What is the highest common factor of l and 78?
26
Let q be (279/36)/((-1)/2)*-2. Suppose 6*y - q = 5. What is the greatest common divisor of 6 and y?
6
Let y(z) = -16*z - 368. Let o be y(-26). Calculate the greatest common divisor of 24 and o.
24
Let l(c) = -15*c**2 - 10*c + 31. Let p(w) = -10*w**2 - 7*w + 21. Let s(z) = 5*l(z) - 7*p(z). Let u be s(0). Calculate the highest common factor of u and 128.
8
Let v = -21 - -23. Suppose 7*f = v*f + 270. What is the greatest common divisor of 27 and f?
27
Let u be (-112)/(-6)*12/8. Suppose -j - 15 = -43. What is the greatest common factor of u and j?
28
Let a(i) = i**2 - i + 2. Let v be a(2). Let o = v - 0. Let p(d) = d**2 - 2*d + 3. Let g be p(o). What is the greatest common factor of g and 99?
11
Let c be ((-20)/6)/((-6)/63). Suppose 7 - 13 = -3*a. Suppose -a*y + 10 = -0*y. What is the greatest common factor of c and y?
5
Suppose -a = 5, 2*a + a = 4*t - 251. Let u = t + -41. Calculate the greatest common factor of 2 and u.
2
Suppose w + 3*t = 50, -3*w + w + 80 = 2*t. Calculate the greatest common divisor of 10 and w.
5
Let o be (-7)/(-56)*-4 + (-1767)/(-6). Calculate the highest common divisor of 168 and o.
42
Let o be (2/(-2))/(1/(-3)). Let w be (o/2)/(3/52). Suppose 0 = -g + 4*h + 9, 3*g + 1 = -2*h + 42. What is the highest common divisor of w and g?
13
Let p(m) be the first derivative of -3*m**2 - 10*m - 4. Let f be p(-3). What is the greatest common divisor of 4 and f?
4
Let b = 16 + -14. Let x be 686/35 + b/5. Let s be (-4)/x - 211/(-5). What is the greatest common divisor of 6 and s?
6
Suppose -33*p = -35*p + 684. Suppose 5*m - 103 + 13 = 4*w, m - 3*w = 18. What is the highest common divisor of m and p?
18
Suppose 0 = -19*k + 17*k + 8, -4*a = 5*k - 132. What is the highest common factor of a and 196?
28
Let r(n) = n**3 + n**2 - 8*n + 3. Let c be r(5). Let p = -92 + c. Calculate the highest common divisor of p and 168.
21
Suppose -5*h - f = -4*f - 62, 4*f = 2*h - 36. What is the greatest common factor of 30 and h?
10
Let s = -101 + 105. What is the greatest common factor of s and 16?
4
Let a(j) = 9*j - 3. Let x = -27 - -29. Let s be a(x). What is the greatest common divisor of s and 15?
15
Let m be (-158)/(-14) - 8/28. Let k(u) = u**2 + u - 6. Let w be k(-3). Let l(g) = g + 11. Let f be l(w). Calculate the greatest common factor of f and m.
11
Let n be 2/(-7) - 18840/(-84). Suppose 0 = 2*y - 4*t - n, 0*t = 2*y + 3*t - 252. What is the highest common factor of 80 and y?
40
Suppose 0 = -8*g - 4*g + 3192. Calculate the greatest common divisor of 38 and g.
38
Let m be 250/8 - (-6)/8. Suppose 67 = 5*o + m. Calculate the highest common factor of o and 3.
1
Suppose 0 = -o - 2*h, o - 30 = 11*h - 7*h. What is the greatest common divisor of o and 70?
10
Let u = 9 + 51. Suppose -4*k + 45 = -3*t, -5*t - 15 = 4*k - 68. Calculate the greatest common divisor of k and u.
12
Let q be (10/45)/((-1)/(-9)). Suppose 1 - 5 = -q*a. Suppose 3*k = 3*c + 6, 3*c = 7*c - 12. What is the greatest common divisor of a and k?
1
Let j be (-300)/(-8)*(-2)/3. Let b = 60 + j. Calculate the greatest common factor of b and 280.
35
Let y be 1/((2/3)/((-722)/(-3))). Calculate the greatest common divisor of 19 and y.
19
Let k(y) = y**2 - 22*y + 13*y - 9 + 20*y. Let b be k(-12). Let s be (66*b)/3 + 0. Calculate the highest common divisor of 6 and s.
6
Let q be 2 + 4/4 - -1 - 2. Suppose 5*g - 9 = x - 0*x, 0 = -3*x + 3. What is the greatest common factor of g and q?
2
Let s(m) = -763*m**3 + m**2 - 2*m - 2. Let a be s(-1). Let u = -1084 + a. Let b be 3/(-2)*u/48. Calculate the highest common divisor of 40 and b.
10
Let b(j) = -48*j - 320. Let d be b(-9). What is the greatest common divisor of 196 and d?
28
Suppose 3*g + 3*j = 21, -2*j = -3*g - 0*j + 11. Suppose g*h - 66 - 144 = 0. Suppose a + a = h. Calculate the greatest common divisor of 3 and a.
3
Let f = -276 + 280. What is the greatest common factor of 22 and f?
2
Let s be ((-108)/10)/(-10 - (-192)/20). What is the highest common factor of s and 1?
1
Let k = -12 + 69. Let r = k - 56. Calculate the greatest common divisor of r and 1.
1
Let f be (-1)/(4/208*4). Let t = 1 - f. Calculate the greatest common factor of t and 70.
14
Let t(d) = 8*d + 7. Let y be t(-3). Let k = 25 + y. Suppose -2*g - 108 = -k*g. Calculate the greatest common factor of g and 144.
18
Let t be ((-387)/(-6))/((-36)/(-168)). What is the greatest common factor of t and 43?
43
Let m = -76 + 116. Suppose -3*j - 3*c + 0*c = -42, 0 = -3*j + 3*c + 66. Let i = j + -8. Calculate the highest common divisor of i and m.
10
Suppose f + 6 - 62 = 0. Suppose 70 = 5*o + 4*x, -3*o + 12*x = 9*x - 42. Calculate the highest common divisor of o and f.
14
Let z be 455/39 - 7/(21/2). Let b(x) = x**2 - 3*x - 7. Let k be b(6). What is the greatest common divisor of k and z?
11
Suppose 216 = -183*s + 185*s - 40. Let r = -26 + 42. What is the highest common divisor of r and s?
16
Let d(h) be the first derivative of -h**3/3 + 17*h**2/2 + 40*h + 21. Let b be d(18). Calculate the highest common divisor of b and 2.
2
Let w(s) = s**2 + 8*s - 8. Let g be w(-9). Let q be 9 - g/(1/(-4)). What is the greatest common factor of q and 117?
13
Suppose 5*b - 3*v = 185, 7*v - 4*v - 121 = -4*b. What is the greatest common factor of b and 2?
2
Let s be (54/5 + -4)/((-10)/(-50)). What is the highest common divisor of s and 17?
17
Let g = 86 - 81. Suppose -g*q + 95 = -0*q. Calculate the greatest common factor of 247 and q.
19
Suppose -49 = -2*z - 5*v, 4*z + 0*v - 153 = v. Suppose -x = 3*g - 151, g = -4 + 5. Calculate the highest common divisor of z and x.
37
Let n(p) = -10*p**2 + 192 - p**3 + 2*p**2 + p + 4*p**2 + 5*p**2. Let m be n(0). What is the greatest common factor of 48 and m?
48
Let l = -73 - -98. What is the greatest common divisor of 75 and l?
25
Suppose 90 = -60*u + 200 + 190. Suppose -3*q = q - 120. What is the highest common divisor of q and u?
5
Let p(i) = 13*i + 5. Let l be p(0). Let r = 244 - 139. Suppose -z = 4*y - r, y = 4*y - 4*z - 55. Calculate the greatest common divisor of y and l.
5
Let i be -3*(-2 - (-224)/(-24)). Calculate the greatest common divisor of i and 3.
1
Let k = 7 - 8. Let u = k + 5. Suppose -3*b + 385 = p + u*p, 2*p = -4*b + 140. What is the highest common factor of p and 10?
10
Let i be (-6 + (6 - -1))*798/2. Calculate the highest common divisor of 133 and i.
133
Let b = 52 + -52. Suppose 4*k + 0*k - 432 = b. Calculate the greatest common divisor of 27 and k.
27
Suppose -2*j - 158*a + 161*a = 2, j - 3*a = -4. Calculate the highest common factor of 330 and j.
2
Let r(s) = -113*s + 110. Let k be r(-5). What is the greatest 